y(z).
8
Suppose -5*s + f - 2 = 36, 5*s + 5*f + 20 = 0. Let c(t) be the first derivative of -t**2 - 9*t + 16. Let j be c(s). Let o(w) = -w + 7. Determine o(j).
2
Let g be 2/2*5*-1. Let q(a) be the second derivative of -a**3/6 - a**2/2 - 11*a. What is q(g)?
4
Let s(i) = -6*i - 4*i + 5*i + 3 + i. Give s(-4).
19
Let j = 9 - -9. Suppose -4*w = 2*p - j, -6*p + 3*w = -p - 6. Suppose p*i + 0 = -3. Let v(r) = 2*r**3 + 2*r**2 + 2*r + 1. Determine v(i).
-1
Let l = -6 - -10. Let p(z) = -z. Let c(m) = -8*m + 1. Let h(k) = -c(k) + 4*p(k). What is h(l)?
15
Let k(r) = -r**3 - r - 9. Let n = 20 + -32. Let c = n + 18. Let s = c + -6. Determine k(s).
-9
Let r(f) be the third derivative of -f**6/120 + f**5/10 - f**4/4 + 7*f**3/6 - 5*f**2. Determine r(5).
2
Let s(z) be the third derivative of z**7/5040 + z**6/720 + z**5/30 - z**2. Let h(d) be the third derivative of s(d). Suppose -q + 3*q - 4 = 0. Calculate h(q).
3
Let k = 73 - 70. Let j(o) be the first derivative of -2/3*o**k + 0*o**2 + 1 + 0*o. What is j(1)?
-2
Let k(z) = 7*z + 8. Let y(l) = 13*l + 17. Let c(m) = 11*k(m) - 6*y(m). What is c(-6)?
-8
Let r(f) = 9 - 10*f - 11*f**3 + 10*f**2 + 8*f**3 + 2*f**3. Calculate r(9).
0
Let s = 2 - 4. Let d = s - 3. Let j(i) = i - 2. Give j(d).
-7
Let j(m) = 11*m**2 - 3*m + 17. Let z(d) be the first derivative of -5*d**3/3 + d**2 - 8*d - 6. Let q(a) = 4*j(a) + 9*z(a). Give q(3).
5
Let l(c) = -2*c**3 - c. Let d be l(-1). Let v(w) = -w**d - w + 4 + w - 17*w**2 + 14*w**2. Suppose 5*s + 7 = -8. Determine v(s).
4
Suppose 4*u + 0*u = 0. Let m(a) = -2*a**2 - a + a**2 - 2*a + u*a - 5. Give m(-4).
-9
Suppose 21*j = 26*j + 25. Let d(a) = -a**3 - 4*a**2 + 6*a + 7. Give d(j).
2
Suppose 2 = 3*m - 4. Let c = m - 4. Let s(j) = -j - 1. What is s(c)?
1
Let m(o) = -o**3 + o**2 - o. Let z(y) = -5*y**3 + 2*y**2 - 11*y - 3. Let b(k) = 6*m(k) - z(k). Let r(x) = 3*x**2 - 5*x + 3. Let p be r(2). Calculate b(p).
3
Let d be (5 + -5)/((-2)/3*-3). Let i(q) be the third derivative of -3*q**2 + 1/12*q**4 + 0*q + d + 0*q**3 - 1/60*q**5. What is i(3)?
-3
Let g(b) = -13*b**3 - 11*b**2 - 11*b + 3. Let y(u) = 7*u**3 + 6*u**2 + 6*u - 2. Let d(t) = 6*g(t) + 11*y(t). Let c = -2 - -2. Calculate d(c).
-4
Suppose -u + 0*u = 4*m + 5, 0 = 2*u + 10. Let w(f) = m*f**2 + 2*f - f**2 - 2 - 3*f. Let p = -27 + 25. What is w(p)?
-4
Suppose 4*q = -2*t + 22, 2*q = 5*q + t - 17. Let w(x) be the third derivative of x**5/60 - 5*x**4/24 - 5*x**3/6 - 2*x**2. Give w(q).
1
Let p(i) = 2*i**2 + i - 1. Let o(z) be the first derivative of 1 + 1/3*z**3 + 0*z + 1/2*z**2. Let t(a) = -3*o(a) + 2*p(a). Calculate t(3).
4
Let z(y) = -y**3 - 5*y**2 + 6*y - 2. Let h be z(-6). Let d(b) = -10 + 19 - 7 + 5*b. Calculate d(h).
-8
Let t(i) = i**3 + 3*i**2 + 1. Let f(b) = 4*b**2 + 1. Let h(k) = 4*f(k) - 5*t(k). What is h(1)?
-5
Let c = 22 + -19. Let a(y) be the third derivative of 0 - 1/2*y**c + 0*y - y**2 - 1/24*y**4. Determine a(3).
-6
Suppose -4*w - 2 = 14. Suppose 5*j = 3*j - 34. Let f(r) = -14*r + 20. Let y(l) = 5*l - 7. Let h(d) = j*y(d) - 6*f(d). Determine h(w).
3
Let f(q) = q**2 - 3. Let y be f(4). Suppose -12 - y = -5*g. Let w(c) = -2*c + 5. Determine w(g).
-5
Let u(d) be the third derivative of d**4/24 + d**2. Let j = 8 - 4. Give u(j).
4
Let l(c) = -4 - 2*c**3 + c**3 + 0 + 7 + 2*c - 2*c**2. Let b(d) = -d**2 + 4*d + 1. Let n be b(3). Suppose -4*a - n*r - 6 = -3*a, -5*a - 2*r = 12. Determine l(a).
-1
Let n(q) be the third derivative of q**5/60 - q**4/8 + 5*q**3/6 + q**2. Let w be (3 - (-2)/(-1)) + 3. Calculate n(w).
9
Suppose 199*r + 38 = 218*r. Let z(j) = -j**2 - j. Let a(d) = 6*d**2 + d + 2. Let m(k) = a(k) + 5*z(k). Calculate m(r).
-2
Let g(c) = c**3 + c**2. Let l(r) = -7*r**3 - r**2 - r. Let z(f) = 3*g(f) + l(f). Let h = 0 - -1. Let b = 2 - h. Calculate z(b).
-3
Let f(u) = -u**2 - 7*u - 2. Let y be f(-7). Let v be (1 - 5)*(-2)/y. Let w(j) be the third derivative of -j**4/8 - 5*j**3/6 + j**2. Calculate w(v).
7
Let j be (6/4)/(2/(-4)). Let z(m) be the second derivative of -m**5/20 - m**4/4 - m**3/6 + 3*m**2/2 + 15*m. Calculate z(j).
6
Let s be 15/20*(-4 + 8). Let u(f) = f**2 - 3*f - 1. Calculate u(s).
-1
Let s be ((-4)/(-3))/((-3)/((-81)/(-6))). Let q(r) = r + 1. What is q(s)?
-5
Let i(p) be the second derivative of p**4/12 + 3*p**3/2 + 33*p. What is i(-9)?
0
Let p(b) = -b**3 - 6*b**2 - 7*b - 3. Let g(x) = -2*x**2 - 2*x + 3. Let l be g(2). Let i = 2 + l. Let a = -12 - i. Give p(a).
7
Let b(z) = 5*z**3 - 5*z**2 - 7*z + 7. Let h(i) = -11*i**3 + 11*i**2 + 15*i - 15. Let n(l) = -13*b(l) - 6*h(l). What is n(2)?
5
Let p(a) = -a + 3 + 13*a - 11*a. What is p(-6)?
-3
Let o(b) = b**2 - 7*b + 5. Let y(r) = -r**2 + 6*r - 4. Let p(z) = z - 1. Let t be p(7). Let q(x) = t*y(x) + 5*o(x). What is q(-2)?
-5
Suppose -5*z + 35 = -3*w, -6*z = -z - w - 25. Let q(o) = o**2 - 4*o + 5. What is q(z)?
5
Suppose 2*q = q - 2. Let g = -5 - q. Let n(x) be the first derivative of -x**4/4 - x**3 - x**2/2 - 3*x + 1. Determine n(g).
0
Let d be 3/((-2)/((-8)/6)). Let n(i) = 2*i**3 + 1 + 2*i**2 + 2*i**3 - 2 - 5*i**3. What is n(d)?
-1
Let k(o) = -8*o + 4. Let m be k(-5). Let c be (-2)/11 - 168/m. Let b(i) = 0*i**3 + 3*i**3 + 4 - 2*i**3 + 4*i**2. Give b(c).
4
Let z(r) be the third derivative of r**9/60480 - r**8/10080 - r**7/1680 - r**6/180 - r**5/60 - r**2. Let k(d) be the third derivative of z(d). Give k(3).
-4
Let u(a) = 5*a**3 + 5*a**2 + a + 2. Let v(h) = 6*h**3 + 5*h**2 + h + 2. Let t(q) = -7*u(q) + 6*v(q). Suppose 7 + 4 = j. Let m = j - 6. Determine t(m).
-7
Let i be 3/(((-6)/4)/(-1)). Suppose 3*y - 4*q - 4 = 24, 3*q + 35 = 4*y. Suppose y = i*z + 2*z. Let m(o) = o**2 + 2*o - 1. Determine m(z).
7
Suppose -b = -5*f - 17, 2 = -5*b + 2*f - 6*f. Let a(v) = 6*v - 2. Let r be a(1). Let j(l) = 0 + 1 + l + r - b. What is j(3)?
6
Let l be (2/1 - 5) + -1. Let u(h) be the second derivative of -h**4/24 + h**3/6 + h**2/2 + h. Let d(i) be the first derivative of u(i). Calculate d(l).
5
Suppose -4*d + 10 = -6. Let p(q) = -3*q. Calculate p(d).
-12
Let l(k) be the second derivative of -7*k**3/3 + k**2/2 - 25*k. Determine l(-1).
15
Suppose 5*m + 15 = 5*z, -9 = 3*m - 0*z + 4*z. Let t(g) = 5*g**2 + 5*g + 8. Let v(y) = -6*y**2 - 6*y - 9. Let a(k) = 7*t(k) + 6*v(k). What is a(m)?
-4
Let u(r) = -11*r**2 - r. Let x(p) = p**2 + 11*p + 9. Let w be x(-10). Give u(w).
-10
Let h = -72 - -73. Let r(m) = -4*m**3. What is r(h)?
-4
Suppose -b - 2*b + o + 5 = 0, 3*o = 5*b - 15. Let h(u) = u**2 + 2*u + 2. Let m(g) = 4*g**2 + 7*g + 6. Let n(q) = 7*h(q) - 2*m(q). What is n(b)?
2
Let m(z) = 3 - z + z**3 + 0*z**2 + 0 + 6*z**2 + 7*z. What is m(-5)?
-2
Let k(w) be the third derivative of 4*w**2 + 1/15*w**5 - 1/12*w**4 + 0*w - 1/6*w**3 + 0 - 1/120*w**6. What is k(3)?
2
Let c be ((-7)/((-21)/18))/2. Let s = c + -1. Let o(v) = 3*v**2 + 1 - 3*v + 4*v**2 - 4*v**2. Calculate o(s).
7
Let g(x) = -x + 1. Let i(s) = 2*s + 7. Let c be i(-6). Calculate g(c).
6
Let k be (1 - 1)/(6 - 5) + 0. Let d(n) = -n**3 + n**2 + 2. Give d(k).
2
Let y = -3 + 6. Let w(b) = -2*b + 2*b + 4 - y + 3*b. Suppose 0*l + 5 = -5*l. Determine w(l).
-2
Let h = 20 + -20. Let j(u) = u + h*u + 18 - 24. Suppose -2*d - 1 - 2 = t, 4*t - 16 = -d. What is j(t)?
-1
Let d(z) be the first derivative of -1/24*z**4 - 2/3*z**3 + 0*z + 2*z**2 + 3. Let r(n) be the second derivative of d(n). Determine r(-4).
0
Let s(g) be the first derivative of g**2/2 - 8*g - 13. Give s(9).
1
Suppose -5*l = 3*y - 19, -8 = -3*y - 2*l + 5. Let z(u) = u**2 + 4 - u**2 + u**2. Determine z(y).
13
Let y = 5 - 2. Suppose 0 = y*r + 11 + 1. Let f(o) = -6 + 2 - 3*o + 1. Give f(r).
9
Let y = -6 + 3. Let t(n) = n**2 + 5*n + 8. Let u(o) = -o**2 - 5*o - 9. Let l(z) = -7*t(z) - 6*u(z). Calculate l(y).
4
Let j(y) = -y**3 + 3*y**2 - 2*y - 3. Suppose -2*w - 2*w = -8. Suppose -4 = -w*g - 0. Suppose -4 = -2*t + g. Determine j(t).
-9
Let f(q) = -2*q**2 - 4*q - 3. Suppose 2*a + 2*a = 2*o - 8, -5*a = o + 10. Give f(a).
-3
Let q be (-220)/(-60) + (-2)/(-6). Let z(i) be the third derivative of 0 - 2*i**2 - 1/24*i**q + 0*i + 1/6*i**3. Determine z(5).
-4
Let q(t) = t**3 + 0*t + 2*t + 2*t**2 + 2*t**3 - t. Calculate q(-1).
-2
Let y(k) be the third derivative of 0 + 0*k + k**2 + 1/24*k**4 + 2/3*k**3. Let o = -3 - -1. Give y(o).
2
Suppose -1 = h - 3. Let u(v) = 3*v**2 - 2*v**2 - 2*v**2 - 6*v - 1 - h. Calculate u(-5